{"id":7,"date":"2023-03-19T21:10:08","date_gmt":"2023-03-19T20:10:08","guid":{"rendered":"http:\/\/jardindelembas.fr\/?page_id=7"},"modified":"2024-01-19T17:34:17","modified_gmt":"2024-01-19T16:34:17","slug":"nos-productions","status":"publish","type":"page","link":"https:\/\/jardindelembas.fr\/index.php\/nos-productions\/","title":{"rendered":"Nos productions"},"content":{"rendered":"\n<p><strong>Retrouvez les fleurs de saison chaque semaine sur les march\u00e9s<\/strong><br>Du printemps \u00e0 l&rsquo;automne (mi-f\u00e9vrier \u00e0 novembre) les fleurs se succ\u00e8dent au fil des mois:<br>tulipes, freesias, an\u00e9mones, renoncules, \u0153illets de po\u00e8te, lys, gla\u00efeuls, statice, lisianthus, zinnias, reines-marguerites, dahlias, Tokyo, Margot, choux d&rsquo;ornement et bien d\u2019autres !<br>Et en d\u00e9cembre et janvier : bouquets de fleurs s\u00e9ch\u00e9es et repos hivernal pour les producteurs et les fleurs fra\u00eeches!<\/p>\n\n\n\n<p><strong>Des l\u00e9gumes frais au fil des saisons<\/strong><br>Cultiv\u00e9s en pleine terre sans engrais de synth\u00e8se ni traitements chimiques ; \u00e0 retrouver chaque semaine sur vos march\u00e9s<\/p>\n\n\n\n<p><strong>Pour votre jardin<\/strong><br>Avril \u00e0 mi-Juin : plants issus de notre production. Vente sur les march\u00e9s ou \u00e0 la ferme.<br>Plants de fleurs : g\u00e9raniums, oeillets d\u2019inde, verveines, oeillets, ost\u00e9o, surfinia..<br>Plants de l\u00e9gumes : tomates courges et courgettes, aubergines poivrons melons et concombres, fraisiers<br>Fournitures : Terreau de qualit\u00e9 professionnelle en sac et engrais Bochevo, fumier compost\u00e9 en granules, utilisable en agriculture bio<\/p>\n\n\n\n<figure class=\"wp-block-gallery has-nested-images columns-default is-cropped wp-block-gallery-1 is-layout-flex wp-block-gallery-is-layout-flex\">\n<figure class=\"wp-block-image size-large\"><img loading=\"lazy\" decoding=\"async\" width=\"1024\" height=\"576\" data-id=\"33\" src=\"http:\/\/jardindelembas.fr\/wp-content\/uploads\/2023\/03\/20180725_100034-1024x576.jpg\" alt=\"\" class=\"wp-image-33\" srcset=\"https:\/\/jardindelembas.fr\/wp-content\/uploads\/2023\/03\/20180725_100034-1024x576.jpg 1024w, https:\/\/jardindelembas.fr\/wp-content\/uploads\/2023\/03\/20180725_100034-300x169.jpg 300w, https:\/\/jardindelembas.fr\/wp-content\/uploads\/2023\/03\/20180725_100034-768x432.jpg 768w, https:\/\/jardindelembas.fr\/wp-content\/uploads\/2023\/03\/20180725_100034-1536x864.jpg 1536w, https:\/\/jardindelembas.fr\/wp-content\/uploads\/2023\/03\/20180725_100034-2048x1152.jpg 2048w, https:\/\/jardindelembas.fr\/wp-content\/uploads\/2023\/03\/20180725_100034-1x1.jpg 1w\" sizes=\"auto, (max-width: 1024px) 100vw, 1024px\" \/><\/figure>\n\n\n\n<figure class=\"wp-block-image size-large\"><img loading=\"lazy\" decoding=\"async\" width=\"600\" height=\"800\" data-id=\"35\" src=\"http:\/\/jardindelembas.fr\/wp-content\/uploads\/2023\/03\/galerie4.jpg\" alt=\"\" class=\"wp-image-35\" srcset=\"https:\/\/jardindelembas.fr\/wp-content\/uploads\/2023\/03\/galerie4.jpg 600w, https:\/\/jardindelembas.fr\/wp-content\/uploads\/2023\/03\/galerie4-225x300.jpg 225w, https:\/\/jardindelembas.fr\/wp-content\/uploads\/2023\/03\/galerie4-1x1.jpg 1w\" sizes=\"auto, (max-width: 600px) 100vw, 600px\" \/><\/figure>\n\n\n\n<figure class=\"wp-block-image size-large\"><img loading=\"lazy\" decoding=\"async\" width=\"576\" height=\"1024\" data-id=\"30\" src=\"http:\/\/jardindelembas.fr\/wp-content\/uploads\/2023\/03\/20180712_115514-576x1024.jpg\" alt=\"\" class=\"wp-image-30\" srcset=\"https:\/\/jardindelembas.fr\/wp-content\/uploads\/2023\/03\/20180712_115514-576x1024.jpg 576w, https:\/\/jardindelembas.fr\/wp-content\/uploads\/2023\/03\/20180712_115514-169x300.jpg 169w, https:\/\/jardindelembas.fr\/wp-content\/uploads\/2023\/03\/20180712_115514-768x1365.jpg 768w, https:\/\/jardindelembas.fr\/wp-content\/uploads\/2023\/03\/20180712_115514-864x1536.jpg 864w, https:\/\/jardindelembas.fr\/wp-content\/uploads\/2023\/03\/20180712_115514-1152x2048.jpg 1152w, https:\/\/jardindelembas.fr\/wp-content\/uploads\/2023\/03\/20180712_115514-1x2.jpg 1w, https:\/\/jardindelembas.fr\/wp-content\/uploads\/2023\/03\/20180712_115514-scaled.jpg 1440w\" sizes=\"auto, (max-width: 576px) 100vw, 576px\" \/><\/figure>\n\n\n\n<figure class=\"wp-block-image size-large\"><img loading=\"lazy\" decoding=\"async\" width=\"1024\" height=\"529\" data-id=\"91\" src=\"http:\/\/jardindelembas.fr\/wp-content\/uploads\/2023\/03\/IMG_20230326_154704-1024x529.jpg\" alt=\"\" class=\"wp-image-91\" srcset=\"https:\/\/jardindelembas.fr\/wp-content\/uploads\/2023\/03\/IMG_20230326_154704-1024x529.jpg 1024w, https:\/\/jardindelembas.fr\/wp-content\/uploads\/2023\/03\/IMG_20230326_154704-300x155.jpg 300w, https:\/\/jardindelembas.fr\/wp-content\/uploads\/2023\/03\/IMG_20230326_154704-768x397.jpg 768w, https:\/\/jardindelembas.fr\/wp-content\/uploads\/2023\/03\/IMG_20230326_154704-1536x793.jpg 1536w, https:\/\/jardindelembas.fr\/wp-content\/uploads\/2023\/03\/IMG_20230326_154704-2048x1057.jpg 2048w, https:\/\/jardindelembas.fr\/wp-content\/uploads\/2023\/03\/IMG_20230326_154704-1x1.jpg 1w\" sizes=\"auto, (max-width: 1024px) 100vw, 1024px\" \/><\/figure>\n\n\n\n<figure class=\"wp-block-image size-large\"><img loading=\"lazy\" decoding=\"async\" width=\"576\" height=\"1024\" data-id=\"22\" src=\"http:\/\/jardindelembas.fr\/wp-content\/uploads\/2023\/03\/20180314_113418-576x1024.jpg\" alt=\"\" class=\"wp-image-22\" srcset=\"https:\/\/jardindelembas.fr\/wp-content\/uploads\/2023\/03\/20180314_113418-576x1024.jpg 576w, https:\/\/jardindelembas.fr\/wp-content\/uploads\/2023\/03\/20180314_113418-169x300.jpg 169w, https:\/\/jardindelembas.fr\/wp-content\/uploads\/2023\/03\/20180314_113418-768x1365.jpg 768w, https:\/\/jardindelembas.fr\/wp-content\/uploads\/2023\/03\/20180314_113418-864x1536.jpg 864w, https:\/\/jardindelembas.fr\/wp-content\/uploads\/2023\/03\/20180314_113418-1152x2048.jpg 1152w, https:\/\/jardindelembas.fr\/wp-content\/uploads\/2023\/03\/20180314_113418-1x2.jpg 1w, https:\/\/jardindelembas.fr\/wp-content\/uploads\/2023\/03\/20180314_113418-scaled.jpg 1440w\" sizes=\"auto, (max-width: 576px) 100vw, 576px\" \/><\/figure>\n\n\n\n<figure class=\"wp-block-image size-large\"><img loading=\"lazy\" decoding=\"async\" width=\"1024\" height=\"576\" data-id=\"24\" src=\"http:\/\/jardindelembas.fr\/wp-content\/uploads\/2023\/03\/20180421_181926-1024x576.jpg\" alt=\"\" class=\"wp-image-24\" srcset=\"https:\/\/jardindelembas.fr\/wp-content\/uploads\/2023\/03\/20180421_181926-1024x576.jpg 1024w, https:\/\/jardindelembas.fr\/wp-content\/uploads\/2023\/03\/20180421_181926-300x169.jpg 300w, https:\/\/jardindelembas.fr\/wp-content\/uploads\/2023\/03\/20180421_181926-768x432.jpg 768w, https:\/\/jardindelembas.fr\/wp-content\/uploads\/2023\/03\/20180421_181926-1536x864.jpg 1536w, https:\/\/jardindelembas.fr\/wp-content\/uploads\/2023\/03\/20180421_181926-2048x1152.jpg 2048w, https:\/\/jardindelembas.fr\/wp-content\/uploads\/2023\/03\/20180421_181926-1x1.jpg 1w\" sizes=\"auto, (max-width: 1024px) 100vw, 1024px\" \/><\/figure>\n<\/figure>\n\n\n\n<div class=\"wp-block-columns is-layout-flex wp-container-core-columns-is-layout-9d6595d7 wp-block-columns-is-layout-flex\">\n<div class=\"wp-block-column is-layout-flow wp-block-column-is-layout-flow\" style=\"flex-basis:33.34%\">\n<figure class=\"wp-block-image size-large\"><img loading=\"lazy\" decoding=\"async\" width=\"768\" height=\"1024\" src=\"https:\/\/jardindelembas.fr\/wp-content\/uploads\/2024\/01\/IMG_20231215_200849-768x1024.jpg\" alt=\"\" class=\"wp-image-108\" srcset=\"https:\/\/jardindelembas.fr\/wp-content\/uploads\/2024\/01\/IMG_20231215_200849-768x1024.jpg 768w, https:\/\/jardindelembas.fr\/wp-content\/uploads\/2024\/01\/IMG_20231215_200849-225x300.jpg 225w, https:\/\/jardindelembas.fr\/wp-content\/uploads\/2024\/01\/IMG_20231215_200849-1152x1536.jpg 1152w, https:\/\/jardindelembas.fr\/wp-content\/uploads\/2024\/01\/IMG_20231215_200849-1536x2048.jpg 1536w, https:\/\/jardindelembas.fr\/wp-content\/uploads\/2024\/01\/IMG_20231215_200849-1x1.jpg 1w, https:\/\/jardindelembas.fr\/wp-content\/uploads\/2024\/01\/IMG_20231215_200849-scaled.jpg 1920w\" sizes=\"auto, (max-width: 768px) 100vw, 768px\" \/><\/figure>\n<\/div>\n\n\n\n<div class=\"wp-block-column is-layout-flow wp-block-column-is-layout-flow\" style=\"flex-basis:33.34%\">\n<figure class=\"wp-block-image size-large\"><img loading=\"lazy\" decoding=\"async\" width=\"768\" height=\"1024\" src=\"https:\/\/jardindelembas.fr\/wp-content\/uploads\/2024\/01\/IMG_20231215_200921-768x1024.jpg\" alt=\"\" class=\"wp-image-110\" srcset=\"https:\/\/jardindelembas.fr\/wp-content\/uploads\/2024\/01\/IMG_20231215_200921-768x1024.jpg 768w, https:\/\/jardindelembas.fr\/wp-content\/uploads\/2024\/01\/IMG_20231215_200921-225x300.jpg 225w, https:\/\/jardindelembas.fr\/wp-content\/uploads\/2024\/01\/IMG_20231215_200921-1152x1536.jpg 1152w, https:\/\/jardindelembas.fr\/wp-content\/uploads\/2024\/01\/IMG_20231215_200921-1536x2048.jpg 1536w, https:\/\/jardindelembas.fr\/wp-content\/uploads\/2024\/01\/IMG_20231215_200921-1x1.jpg 1w, https:\/\/jardindelembas.fr\/wp-content\/uploads\/2024\/01\/IMG_20231215_200921-scaled.jpg 1920w\" sizes=\"auto, (max-width: 768px) 100vw, 768px\" \/><\/figure>\n<\/div>\n\n\n\n<div class=\"wp-block-column is-layout-flow wp-block-column-is-layout-flow\" style=\"flex-basis:33.33%\">\n<figure class=\"wp-block-image size-large\"><img loading=\"lazy\" decoding=\"async\" width=\"768\" height=\"1024\" src=\"https:\/\/jardindelembas.fr\/wp-content\/uploads\/2024\/01\/IMG_20231215_200928-768x1024.jpg\" alt=\"\" class=\"wp-image-111\" srcset=\"https:\/\/jardindelembas.fr\/wp-content\/uploads\/2024\/01\/IMG_20231215_200928-768x1024.jpg 768w, https:\/\/jardindelembas.fr\/wp-content\/uploads\/2024\/01\/IMG_20231215_200928-225x300.jpg 225w, https:\/\/jardindelembas.fr\/wp-content\/uploads\/2024\/01\/IMG_20231215_200928-1152x1536.jpg 1152w, https:\/\/jardindelembas.fr\/wp-content\/uploads\/2024\/01\/IMG_20231215_200928-1536x2048.jpg 1536w, https:\/\/jardindelembas.fr\/wp-content\/uploads\/2024\/01\/IMG_20231215_200928-1x1.jpg 1w, https:\/\/jardindelembas.fr\/wp-content\/uploads\/2024\/01\/IMG_20231215_200928-scaled.jpg 1920w\" sizes=\"auto, (max-width: 768px) 100vw, 768px\" \/><\/figure>\n<\/div>\n<\/div>\n","protected":false},"excerpt":{"rendered":"<p>Retrouvez les fleurs de saison chaque semaine sur les march\u00e9sDu printemps \u00e0 l&rsquo;automne (mi-f\u00e9vrier \u00e0 novembre) les fleurs se succ\u00e8dent au fil des mois:tulipes, freesias, an\u00e9mones, renoncules, \u0153illets de po\u00e8te, lys, gla\u00efeuls, statice, lisianthus, zinnias, reines-marguerites, dahlias, Tokyo, Margot, choux d&rsquo;ornement et bien d\u2019autres !Et en d\u00e9cembre et janvier : bouquets de fleurs s\u00e9ch\u00e9es et [&hellip;]<\/p>\n","protected":false},"author":1,"featured_media":0,"parent":0,"menu_order":0,"comment_status":"closed","ping_status":"closed","template":"","meta":{"footnotes":""},"class_list":["post-7","page","type-page","status-publish","hentry"],"_links":{"self":[{"href":"https:\/\/jardindelembas.fr\/index.php\/wp-json\/wp\/v2\/pages\/7","targetHints":{"allow":["GET"]}}],"collection":[{"href":"https:\/\/jardindelembas.fr\/index.php\/wp-json\/wp\/v2\/pages"}],"about":[{"href":"https:\/\/jardindelembas.fr\/index.php\/wp-json\/wp\/v2\/types\/page"}],"author":[{"embeddable":true,"href":"https:\/\/jardindelembas.fr\/index.php\/wp-json\/wp\/v2\/users\/1"}],"replies":[{"embeddable":true,"href":"https:\/\/jardindelembas.fr\/index.php\/wp-json\/wp\/v2\/comments?post=7"}],"version-history":[{"count":8,"href":"https:\/\/jardindelembas.fr\/index.php\/wp-json\/wp\/v2\/pages\/7\/revisions"}],"predecessor-version":[{"id":112,"href":"https:\/\/jardindelembas.fr\/index.php\/wp-json\/wp\/v2\/pages\/7\/revisions\/112"}],"wp:attachment":[{"href":"https:\/\/jardindelembas.fr\/index.php\/wp-json\/wp\/v2\/media?parent=7"}],"curies":[{"name":"wp","href":"https:\/\/api.w.org\/{rel}","templated":true}]}}